{"id":93,"date":"2026-02-09T18:11:57","date_gmt":"2026-02-09T18:11:57","guid":{"rendered":"https:\/\/jflauze.com\/?page_id=93"},"modified":"2026-02-11T18:39:09","modified_gmt":"2026-02-11T18:39:09","slug":"site-web","status":"publish","type":"page","link":"https:\/\/jflauze.com\/index.php\/site-web\/","title":{"rendered":"Site Web"},"content":{"rendered":"\n<p>Il n&rsquo;a jamais \u00e9t\u00e9 aussi facile de faire son propre site web gr\u00e2ce \u00e0 l&rsquo;intelligence artificielle et \u00e0 tous les outils gratuits. En m\u00eame temps, il reste une quantit\u00e9 consid\u00e9rable de r\u00e9alit\u00e9s techniques dont l&rsquo;intelligence artificielle ne peut pas s&rsquo;occuper.<\/p>\n\n\n\n<p>Je suis l\u00e0 pour \u00e7a.<\/p>\n\n\n<div class=\"is-default-size wp-block-site-logo\"><a href=\"https:\/\/jflauze.com\/\" class=\"custom-logo-link\" rel=\"home\"><img loading=\"lazy\" decoding=\"async\" width=\"250\" height=\"250\" src=\"https:\/\/jflauze.com\/wp-content\/uploads\/2026\/02\/cropped-Website-155317159798452000-image_logo.png\" class=\"custom-logo\" alt=\"Jean-Fran\u00e7ois Lauz\u00e9\" srcset=\"https:\/\/jflauze.com\/wp-content\/uploads\/2026\/02\/cropped-Website-155317159798452000-image_logo.png 250w, https:\/\/jflauze.com\/wp-content\/uploads\/2026\/02\/cropped-Website-155317159798452000-image_logo-150x150.png 150w, https:\/\/jflauze.com\/wp-content\/uploads\/2026\/02\/cropped-Website-155317159798452000-image_logo-100x100.png 100w\" sizes=\"auto, 100vw\" \/><\/a><\/div>\n\n\n<h2 class=\"wp-block-heading\">Gestion de crise<\/h2>\n\n\n\n<p>Dans un contexte politique et social souvent charg\u00e9 \u00e0 bloc, il faut envoyer le bon message et l&rsquo;envoyer efficacement ; je suis d&rsquo;avis que l&rsquo;ouverture d&rsquo;esprit est une belle qualit\u00e9 mais qu&rsquo;une communication efficace demeure la meilleure des strat\u00e9gies.<\/p>\n\n\n\n<h2 class=\"wp-block-heading\">Plan de communication<\/h2>\n\n\n\n<p>Savoir reconna\u00eetre les traits caract\u00e9ristiques de sa client\u00e8le cible et savoir s&rsquo;adapter \u00e0 son niveau de langage est essentiel. D&rsquo;ailleurs si vous \u00eates encore en train de lire il y a fort \u00e0 parier que votre prochain week-end ne sera pas consacr\u00e9 \u00e0 ajuster l&#8217;embrayage de votre motoneige.<\/p>\n\n\n\n<p><\/p>\n","protected":false},"excerpt":{"rendered":"<p>Il n&rsquo;a jamais \u00e9t\u00e9 aussi facile de faire son propre site web gr\u00e2ce \u00e0 l&rsquo;intelligence artificielle et \u00e0 tous les outils gratuits. En m\u00eame temps, il reste une quantit\u00e9 consid\u00e9rable de r\u00e9alit\u00e9s techniques dont l&rsquo;intelligence artificielle ne peut pas s&rsquo;occuper. Je suis l\u00e0 pour \u00e7a. Gestion de crise Dans un contexte politique et social souvent &hellip; <\/p>\n<p class=\"link-more\"><a href=\"https:\/\/jflauze.com\/index.php\/site-web\/\" class=\"more-link\">Continuer la lecture<span class=\"screen-reader-text\"> de &laquo;&nbsp;Site Web&nbsp;&raquo;<\/span><\/a><\/p>\n","protected":false},"author":1,"featured_media":136,"parent":0,"menu_order":0,"comment_status":"closed","ping_status":"closed","template":"","meta":{"footnotes":""},"class_list":["post-93","page","type-page","status-publish","has-post-thumbnail","hentry"],"_links":{"self":[{"href":"https:\/\/jflauze.com\/index.php\/wp-json\/wp\/v2\/pages\/93","targetHints":{"allow":["GET"]}}],"collection":[{"href":"https:\/\/jflauze.com\/index.php\/wp-json\/wp\/v2\/pages"}],"about":[{"href":"https:\/\/jflauze.com\/index.php\/wp-json\/wp\/v2\/types\/page"}],"author":[{"embeddable":true,"href":"https:\/\/jflauze.com\/index.php\/wp-json\/wp\/v2\/users\/1"}],"replies":[{"embeddable":true,"href":"https:\/\/jflauze.com\/index.php\/wp-json\/wp\/v2\/comments?post=93"}],"version-history":[{"count":3,"href":"https:\/\/jflauze.com\/index.php\/wp-json\/wp\/v2\/pages\/93\/revisions"}],"predecessor-version":[{"id":189,"href":"https:\/\/jflauze.com\/index.php\/wp-json\/wp\/v2\/pages\/93\/revisions\/189"}],"wp:featuredmedia":[{"embeddable":true,"href":"https:\/\/jflauze.com\/index.php\/wp-json\/wp\/v2\/media\/136"}],"wp:attachment":[{"href":"https:\/\/jflauze.com\/index.php\/wp-json\/wp\/v2\/media?parent=93"}],"curies":[{"name":"wp","href":"https:\/\/api.w.org\/{rel}","templated":true}]}}